{"id":212,"date":"2019-11-12T16:51:14","date_gmt":"2019-11-12T16:51:14","guid":{"rendered":"https:\/\/fecht-club-ravenstein.de\/?page_id=212"},"modified":"2019-11-18T18:33:55","modified_gmt":"2019-11-18T18:33:55","slug":"presse","status":"publish","type":"page","link":"http:\/\/fecht-club.de\/index.php\/presse\/","title":{"rendered":"Presse FC Ravenstein e.V."},"content":{"rendered":"\t\t<div data-elementor-type=\"wp-page\" data-elementor-id=\"212\" class=\"elementor elementor-212\">\n\t\t\t\t\t\t<section class=\"elementor-section elementor-top-section elementor-element elementor-element-4c87d88 elementor-section-boxed elementor-section-height-default elementor-section-height-default\" data-id=\"4c87d88\" data-element_type=\"section\">\n\t\t\t\t\t\t<div class=\"elementor-container elementor-column-gap-default\">\n\t\t\t\t\t<div class=\"elementor-column elementor-col-100 elementor-top-column elementor-element elementor-element-22eeeb6\" data-id=\"22eeeb6\" data-element_type=\"column\">\n\t\t\t<div class=\"elementor-widget-wrap elementor-element-populated\">\n\t\t\t\t\t\t<div class=\"elementor-element elementor-element-3a4b142 elementor-widget elementor-widget-text-editor\" data-id=\"3a4b142\" data-element_type=\"widget\" data-widget_type=\"text-editor.default\">\n\t\t\t\t<div class=\"elementor-widget-container\">\n\t\t\t\t\t\t\t<p><strong>Fr\u00e4nkische Nachrichten<\/strong><\/p><p><strong>\u00dcberzeugend gefochten<\/strong><br \/>Janne Rosenau aus Schefflenz trat am Samstag f\u00fcr den Fecht-Club Ravenstein bei den Deutschen Meisterschaften im Herrendegen der Altersklasse B-Jugend in Itzehoe (Schleswig-Holstein) an. Nach anstrengenden Gefechten in den Vorrunden wurde er f\u00fcr die K.o.-Runden auf Platz 19 gesetzt. Bis zum Finale &#8230;<\/p><p>Hier geht es zum Artikel: <a title=\"FNweb\" href=\"http:\/\/www.fnweb.de\/sport\/lokalsport\/lokalsport-buchen\/uberzeugend-gefochten-1.2810895\" target=\"_blank\" rel=\"noopener\">FNWeb<\/a><\/p>\t\t\t\t\t\t<\/div>\n\t\t\t\t<\/div>\n\t\t\t\t\t<\/div>\n\t\t<\/div>\n\t\t\t\t\t<\/div>\n\t\t<\/section>\n\t\t\t\t<\/div>\n\t\t","protected":false},"excerpt":{"rendered":"<p>Fr\u00e4nkische Nachrichten \u00dcberzeugend gefochtenJanne Rosenau aus Schefflenz trat am Samstag f\u00fcr den Fecht-Club Ravenstein bei den Deutschen Meisterschaften im Herrendegen der Altersklasse [&hellip;]<\/p>\n","protected":false},"author":1,"featured_media":0,"parent":0,"menu_order":0,"comment_status":"closed","ping_status":"closed","template":"","meta":{"footnotes":""},"class_list":["post-212","page","type-page","status-publish","hentry"],"_links":{"self":[{"href":"http:\/\/fecht-club.de\/index.php\/wp-json\/wp\/v2\/pages\/212","targetHints":{"allow":["GET"]}}],"collection":[{"href":"http:\/\/fecht-club.de\/index.php\/wp-json\/wp\/v2\/pages"}],"about":[{"href":"http:\/\/fecht-club.de\/index.php\/wp-json\/wp\/v2\/types\/page"}],"author":[{"embeddable":true,"href":"http:\/\/fecht-club.de\/index.php\/wp-json\/wp\/v2\/users\/1"}],"replies":[{"embeddable":true,"href":"http:\/\/fecht-club.de\/index.php\/wp-json\/wp\/v2\/comments?post=212"}],"version-history":[{"count":8,"href":"http:\/\/fecht-club.de\/index.php\/wp-json\/wp\/v2\/pages\/212\/revisions"}],"predecessor-version":[{"id":401,"href":"http:\/\/fecht-club.de\/index.php\/wp-json\/wp\/v2\/pages\/212\/revisions\/401"}],"wp:attachment":[{"href":"http:\/\/fecht-club.de\/index.php\/wp-json\/wp\/v2\/media?parent=212"}],"curies":[{"name":"wp","href":"https:\/\/api.w.org\/{rel}","templated":true}]}}

<div data-elementor-type="wp-page" data-elementor-id="212" class="elementor elementor-212">
						<section class="elementor-section elementor-top-section elementor-element elementor-element-4c87d88 elementor-section-boxed elementor-section-height-default elementor-section-height-default" data-id="4c87d88" data-element_type="section">
						<div class="elementor-container elementor-column-gap-default">
					<div class="elementor-column elementor-col-100 elementor-top-column elementor-element elementor-element-22eeeb6" data-id="22eeeb6" data-element_type="column">
			<div class="elementor-widget-wrap elementor-element-populated">
						<div class="elementor-element elementor-element-3a4b142 elementor-widget elementor-widget-text-editor" data-id="3a4b142" data-element_type="widget" data-widget_type="text-editor.default">
				<div class="elementor-widget-container">
							<p><strong>Fränkische Nachrichten</strong></p><p><strong>Überzeugend gefochten</strong><br />Janne Rosenau aus Schefflenz trat am Samstag für den Fecht-Club Ravenstein bei den Deutschen Meisterschaften im Herrendegen der Altersklasse B-Jugend in Itzehoe (Schleswig-Holstein) an. Nach anstrengenden Gefechten in den Vorrunden wurde er für die K.o.-Runden auf Platz 19 gesetzt. Bis zum Finale &#8230;</p><p>Hier geht es zum Artikel: <a title="FNweb" href="http://www.fnweb.de/sport/lokalsport/lokalsport-buchen/uberzeugend-gefochten-1.2810895" target="_blank" rel="noopener">FNWeb</a></p>						</div>
				</div>
					</div>
		</div>
					</div>
		</section>
				</div>

<p>Fränkische Nachrichten Überzeugend gefochtenJanne Rosenau aus Schefflenz trat am Samstag für den Fecht-Club Ravenstein bei den Deutschen Meisterschaften im Herrendegen der Altersklasse [&hellip;]</p>
